se 6) to base 3.
-1010
121 (base 4) to base 10
25
Convert -18a (base 13) to base 15.
-13d
What is -9 (base 14) in base 8?
-11
What is -12 (base 12) in base 16?
-e
-1230 (base 4) to base 10
-108
What is 2c (base 16) in base 14?
32
What is 6 (base 10) in base 8?
6
Convert 516 (base 8) to base 9.
411
Convert 2 (base 9) to base 2.
10
2 (base 10) to base 9
2
-9 (base 13) to base 3
-100
-101 (base 3) to base 7
-13
11 (base 2) to base 7
3
Convert -29 (base 15) to base 13.
-30
Convert -4 (base 5) to base 15.
-4
What is 13 (base 5) in base 8?
10
Convert -30 (base 7) to base 9.
-23
What is -51 (base 12) in base 13?
-49
3000 (base 4) to base 6
520
Convert -15 (base 10) to base 6.
-23
What is 0 (base 2) in base 9?
0
9 (base 12) to base 14
9
-5 (base 12) to base 16
-5
Convert 1a (base 15) to base 11.
23
What is 22 (base 3) in base 11?
8
-231 (base 7) to base 4
-1320
Convert 8 (base 16) to base 15.
8
1 (base 2) to base 3
1
What is -4 (base 5) in base 6?
-4
What is -3 (base 13) in base 3?
-10
What is 33 (base 13) in base 5?
132
What is -1 (base 15) in base 7?
-1
3b (base 16) to base 3
2012
Convert -3 (base 12) to base 14.
-3
Convert 5 (base 6) to base 3.
12
What is -7 (base 14) in base 11?
-7
What is -10 (base 10) in base 12?
-a
What is -1 (base 7) in base 9?
-1
Convert 22 (base 9) to base 5.
40
202 (base 3) to base 12
18
Convert -35 (base 10) to base 6.
-55
Convert 211 (base 5) to base 3.
2002
-5 (base 13) to base 7
-5
What is 202 (base 6) in base 8?
112
Convert 32 (base 13) to base 12.
35
What is 1 (base 13) in base 4?
1
Convert 2 (base 4) to base 6.
2
What is -a (base 13) in base 2?
-1010
0 (base 7) to base 11
0
3 (base 7) to base 12
3
3 (base 8) to base 4
3
Convert 11 (base 16) to base 14.
13
What is -3 (base 11) in base 6?
-3
What is -1 (base 14) in base 7?
-1
What is -a (base 13) in base 15?
-a
Convert -7 (base 13) to base 15.
-7
-1 (base 3) to base 2
-1
Convert -321 (base 4) to base 12.
-49
Convert 2 (base 12) to base 7.
2
-4 (base 15) to base 9
-4
-1100010 (base 2) to base 3
-10122
What is -13 (base 16) in base 11?
-18
What is 132 (base 9) in base 4?
1232
Convert 2 (base 14) to base 9.
2
-143 (base 6) to base 16
-3f
Convert 97 (base 11) to base 8.
152
170 (base 13) to base 14
148
162 (base 10) to base 13
c6
Convert -11 (base 15) to base 7.
-22
What is -b (base 15) in base 8?
-13
Convert -45 (base 11) to base 6.
-121
What is -20 (base 8) in base 3?
-121
What is 0 (base 5) in base 10?
0
What is -31 (base 14) in base 10?
-43
What is 12 (base 12) in base 5?
24
1223 (base 4) to base 11
98
What is a (base 15) in base 4?
22
Convert 39 (base 13) to base 7.
66
Convert -21 (base 4) to base 16.
-9
Convert -6 (base 16) to base 9.
-6
1 (base 10) to base 14
1
3 (base 4) to base 5
3
Convert -1010 (base 2) to base 12.
-a
Convert -2 (base 7) to base 4.
-2
Convert 101 (base 3) to base 14.
a
Convert -10 (base 2) to base 10.
-2
-235 (base 7) to base 16
-7c
Convert 101 (base 2) to base 11.
5
45 (base 13) to base 2
111001
-3 (base 5) to base 6
-3
6 (base 15) to base 7
6
Convert 2 (base 14) to base 12.
2
Convert -6 (base 7) to base 14.
-6
Convert -1f (base 16) to base 15.
-21
Convert -26 (base 13) to base 5.
-112
Convert -2 (base 10) to base 13.
-2
What is -9 (base 16) in base 4?
-21
3 (base 10) to base 8
3
Convert 201 (base 3) to base 9.
21
What is -12 (base 3) in base 8?
-5
-153 (base 8) to base 9
-128
Convert 4 (base 10) to base 2.
100
What is -10 (base 2) in base 15?
-2
10 (base 6) to base 9
6
Convert 2 (base 16) to base 2.
10
What is -3 (base 9) in base 8?
-3
Convert a (base 13) to base 6.
14
What is -1 (base 5) in base 2?
-1
-110 (base 2) to base 14
-6
1 (base 16) to base 10
1
What is -12 (base 6) in base 15?
-8
Convert -1121 (base 3) to base 11.
-3a
What is 156 (base 14) in base 3?
101002
What is -68 (base 13) in base 9?
-105
What is 1 (base 5) in base 16?
1
Convert 2 (base 7) to base 6.
2
What is 30 (base 7) in base 10?
21
0 (base 3) to base 6
0
Convert 31 (base 5) to base 13.
13
What is 22 (base 8) in base 6?
30
What is 5 (base 12) in base 2?
101
What is 210 (base 4) in base 7?
51
What is 13 (base 10) in base 16?
d
Convert 6 (base 9) to base 3.
20
What is -2 (base 14) in base 6?
-2
What is 0 (base 16) in base 7?
0
Convert 1c (base 15) to base 8.
33
1 (base 13) to base 5
1
What is -30 (base 4) in base 7?
-15
Convert 2 (base 3) to base 6.
2
Convert 5 (base 9) to base 16.
5
221 (base 10) to base 15
eb
What is 114 (base 10) in base 16?
72
-30 (base 12) to base 13
-2a
Convert 7 (base 15) to base 16.
7
112 (base 3) to base 4
32
Convert 9 (base 13) to base 10.
9
Convert 3 (base 8) to base 14.
3
What is -2030 (base 5) in base 11?
-221
23 (base 8) to base 16
13
What is -3 (base 12) in base 11?
-3
-3 (base 6) to base 16
-3
Convert -6 (base 11) to base 15.
-6
What is -523 (base 6) in base 10?
-195
What is 1222 (base 3) in base 12?
45
60 (base 8) to base 6
120
241 (base 8) to base 14
b7
15 (base 8) to base 2
1101
-32 (base 14) to base 9
-48
2 (base 9) to base 12
2
Convert -74 (base 8) to base 9.
-66
Convert 8 (base 11) to base 12.
8
Convert -355 (base 6) to base 7.
-263
2 (base 9) to base 3
2
What is -3 (base 4) in base 7?
-3
What is -1 (base 14) in base 15?
-1
What is -22 (base 12) in base 7?
-35
-213 (base 5) to base 13
-46
What is 13 (base 4) in base 11?
7
1 (base 16) to base 9
1
-22 (base 6) to base 9
-15
-110 (base 6) to base 16
-2a
Convert -30 (base 14) to base 16.
-2a
6 (base 14) to base 16
6
What is 8f (base 16) in base 5?
1033
What is 3 (base 6) in base 11?
3
What is -111 (base 3) in base 16?
-d
Convert 11 (base 8) to base 9.
10
-101 (base 5) to base 11
-24
4 (base 5) to base 10
4
Convert 15 (base 16) to base 15.
16
0 (base 11) to base 2
0
Convert 5 (base 16) to base 15.
5
Convert -21 (base 8) to base 12.
-15
What is -104 (base 6) in base 4?
-220
What is -2 (base 10) in base 6?
-2
14 (base 9) to base 11
12
-101 (base 4) to base 10
-17
0 (base 11) to base 15
0
Convert -5 (base 14) to base 16.
-5
What is -1 (base 2) in base 15?
-1
Convert 12 (base 4) to base 3.
20
Convert -74 (base 10) to base 15.
-4e
Convert 3e (base 15) to base 4.
323
What is -2 (base 6) in base 9?
-2
Convert 12 (base 5) to base 16.
7
4 (base 8) to base 11
4
2 (base 13) to base 10
2
Convert 44 (base 8) to base 15.
26
What is -11 (base 3) in base 13?
-4
What is 12100 (base 3) in base 11?
121
Convert -1020 (base 3) to base 14.
-25
What is -3 (base 15) in base 6?
-3
Convert -10010111 (base 2) to base 6.
-411
11 (base 5) to base 2
110
-5 (base 11) to base 2
-101
Convert 130 (base 6) to base 11.
4a
Convert -5 (base 16) to base 7.
-5
Convert 5c (base 15) to base 6.
223
-3 (base 15) to base 5
-3
What is 111 (base 2) in base 12?
7
What is -1243 (base 5) in base 8?
-306
What is -19 (base 15) in base 12?
-20
Convert -1002 (base 3) to base 16.
-1d
Convert 1 (base 13) to base 4.
1
What is -202 (base 3) in base 15?
-15
Convert 6 (base 13) to base 9.
6
Convert 3 (base 6) to base 16.
3
What is 240 (base 9) in base 13?
123
-17 (base 11) to base 15
-13
2 (base 3) to base 6
2
Convert -2120 (base 5) to base 2.
-100011101
16 (base 9) to base 5
30
Convert -2 (base 5) to base 7.
-2
21 (base 3) to base 16
7
Convert -2 (base 10) to base 14.
-2
5 (base 9) to base 6
5
What is -68 (base 9) in base 14?
-46
Convert 118 (base 14) to base 9.
262
Convert 10101 (base 2) to base 5.
41
16 (base 12) to base 6
30
Convert -5 (base 15) to base 13.
-5
Convert -1 (base 4) to base 9.
-1
Convert 0 (base 14) to base 11.
0
What is -11 (base 14) in base 13?
-12
What is -51 (base 15) in base 10?
-76
What is 3 (base 9) in base 16?
3
What is 6 (base 9) in base 15?
6
What is 2 (base 9) in base 8?
2
2 (base 6) to base 14
2
Convert -23 (base 5) to base 7.
-16
What is -333 (base 5) in base 10?
-93
-1001 (base 2) to base 6
-13
Convert 55 (base 7) to base 13.
31
Convert 17 (base 16) to base 3.
212
What is -b7 (base 15) in base 16?
-ac
13 (base 10) to base 12
11
Convert -85 (base 11) to base 7.
-162
a (base 16) to base 8
12
What is -25 (base 14) in base 5?
-113
What is -59 (base 13) in base 16?
-4a
Convert -9b (base 13) to base 9.
-152
What is -1 (base 4) in base 6?
-1
Convert 2032 (base 4) to base 12.
ba
Convert 1 (base 14) to base 9.
1
Convert 3 (base 16) to base 11.
3
5 (base 14) to base 16
5
What is 103 (base 4) in base 11?
18
Convert 1010011 (ba